 (base 13) to base 3
-2000
Convert 1 (base 5) to base 11.
1
8 (base 9) to base 7
11
Convert 185 (base 11) to base 8.
326
13 (base 7) to base 13
a
What is -22 (base 3) in base 11?
-8
2 (base 5) to base 10
2
Convert -11110 (base 3) to base 13.
-93
-10 (base 3) to base 4
-3
Convert -103 (base 11) to base 14.
-8c
-15 (base 7) to base 15
-c
What is 102 (base 3) in base 11?
10
-5 (base 13) to base 16
-5
44 (base 14) to base 16
3c
Convert -4 (base 16) to base 13.
-4
Convert -5 (base 7) to base 2.
-101
-1101 (base 3) to base 10
-37
21 (base 14) to base 16
1d
What is 25 (base 16) in base 15?
27
Convert 27 (base 15) to base 3.
1101
What is -10 (base 4) in base 11?
-4
What is 145 (base 8) in base 2?
1100101
What is 42 (base 14) in base 9?
64
Convert -23 (base 12) to base 9.
-30
14 (base 11) to base 7
21
12 (base 12) to base 4
32
What is 2 (base 10) in base 9?
2
Convert -2 (base 13) to base 2.
-10
78 (base 13) to base 12
83
-17 (base 16) to base 13
-1a
Convert 2 (base 3) to base 13.
2
Convert 16 (base 15) to base 11.
1a
Convert -b (base 16) to base 6.
-15
What is -180 (base 16) in base 12?
-280
-5 (base 15) to base 12
-5
What is 0 (base 7) in base 3?
0
15 (base 6) to base 11
10
What is -10 (base 8) in base 6?
-12
25 (base 8) to base 16
15
What is -1 (base 14) in base 3?
-1
Convert 5 (base 16) to base 12.
5
What is 1a (base 15) in base 12?
21
-17 (base 15) to base 5
-42
Convert 1001 (base 3) to base 13.
22
19 (base 12) to base 16
15
-3 (base 7) to base 10
-3
Convert 35 (base 7) to base 9.
28
What is 101 (base 2) in base 3?
12
Convert 2 (base 15) to base 5.
2
Convert -1 (base 2) to base 15.
-1
What is 1003 (base 4) in base 15?
47
Convert 6 (base 10) to base 7.
6
What is -7 (base 16) in base 14?
-7
1 (base 14) to base 7
1
10010 (base 3) to base 11
77
Convert -30 (base 5) to base 14.
-11
11 (base 5) to base 12
6
Convert 6 (base 10) to base 16.
6
Convert 2a (base 15) to base 10.
40
What is -112 (base 3) in base 7?
-20
What is -1203 (base 4) in base 8?
-143
155 (base 13) to base 14
131
Convert 3 (base 9) to base 4.
3
-10010 (base 3) to base 10
-84
-11 (base 2) to base 16
-3
37 (base 12) to base 5
133
Convert 41 (base 12) to base 16.
31
Convert 3 (base 7) to base 11.
3
What is -30 (base 5) in base 14?
-11
Convert 102 (base 3) to base 11.
10
Convert 3 (base 14) to base 16.
3
-122 (base 3) to base 15
-12
What is 48 (base 10) in base 6?
120
22 (base 4) to base 16
a
Convert -100000 (base 2) to base 10.
-32
What is 3 (base 14) in base 8?
3
What is -3 (base 7) in base 10?
-3
Convert -42 (base 14) to base 3.
-2011
-5 (base 8) to base 6
-5
-24 (base 11) to base 7
-35
Convert 50 (base 16) to base 9.
88
What is 1 (base 16) in base 11?
1
Convert -44 (base 6) to base 4.
-130
-10 (base 11) to base 8
-13
1 (base 15) to base 3
1
What is -3 (base 12) in base 2?
-11
What is 12 (base 6) in base 12?
8
What is 100 (base 2) in base 9?
4
5 (base 10) to base 11
5
-59 (base 10) to base 2
-111011
What is -22 (base 4) in base 14?
-a
Convert 10001 (base 2) to base 10.
17
5c (base 13) to base 16
4d
-111 (base 2) to base 9
-7
Convert -5 (base 10) to base 4.
-11
Convert -1 (base 9) to base 4.
-1
Convert 2 (base 13) to base 9.
2
Convert 0 (base 8) to base 9.
0
Convert 200 (base 3) to base 2.
10010
-2022 (base 5) to base 9
-321
What is 105 (base 7) in base 6?
130
-100000 (base 2) to base 15
-22
26 (base 11) to base 16
1c
6c (base 15) to base 3
10210
What is -22 (base 4) in base 13?
-a
What is -4 (base 5) in base 4?
-10
What is -125 (base 9) in base 2?
-1101000
What is 8 (base 12) in base 2?
1000
-3d (base 14) to base 6
-131
What is 15 (base 7) in base 4?
30
-103 (base 4) to base 5
-34
What is -ce (base 16) in base 4?
-3032
1110 (base 2) to base 3
112
What is 34 (base 7) in base 16?
19
What is -73 (base 12) in base 4?
-1113
Convert 2 (base 9) to base 3.
2
Convert 312 (base 5) to base 6.
214
104 (base 11) to base 12
a5
What is 2 (base 16) in base 12?
2
What is -157 (base 8) in base 3?
-11010
Convert -3 (base 13) to base 16.
-3
222 (base 3) to base 2
11010
111 (base 2) to base 14
7
-20 (base 14) to base 7
-40
Convert 44 (base 5) to base 2.
11000
What is -1031 (base 4) in base 7?
-140
What is -2 (base 9) in base 10?
-2
-34 (base 7) to base 16
-19
Convert 1214 (base 5) to base 3.
20211
Convert 11 (base 5) to base 3.
20
21 (base 9) to base 15
14
19 (base 12) to base 14
17
1001010 (base 2) to base 6
202
-54 (base 6) to base 15
-24
Convert -4 (base 11) to base 7.
-4
48 (base 13) to base 3
2020
Convert -3 (base 14) to base 7.
-3
Convert 30 (base 5) to base 9.
16
-110 (base 4) to base 14
-16
What is 55 (base 9) in base 8?
62
Convert -14 (base 5) to base 6.
-13
Convert 1011 (base 4) to base 15.
49
What is -37 (base 16) in base 2?
-110111
What is 3 (base 11) in base 6?
3
Convert -2 (base 6) to base 4.
-2
What is 13 (base 10) in base 11?
12
Convert 0 (base 3) to base 5.
0
1b (base 16) to base 2
11011
What is -b (base 12) in base 15?
-b
What is -2 (base 9) in base 2?
-10
Convert -1011010 (base 2) to base 5.
-330
What is -8 (base 16) in base 9?
-8
-4 (base 10) to base 5
-4
17 (base 14) to base 15
16
Convert 33 (base 4) to base 9.
16
Convert -15 (base 10) to base 8.
-17
Convert 1b (base 14) to base 16.
19
What is 27 (base 10) in base 12?
23
What is -131 (base 6) in base 14?
-3d
3 (base 15) to base 9
3
Convert -2 (base 3) to base 10.
-2
4 (base 6) to base 16
4
-110110 (base 2) to base 14
-3c
Convert -29 (base 13) to base 12.
-2b
-112 (base 3) to base 8
-16
Convert -66 (base 11) to base 10.
-72
Convert 2 (base 7) to base 16.
2
Convert 13 (base 11) to base 10.
14
What is 57 (base 14) in base 9?
85
Convert 13 (base 5) to base 13.
8
-2012 (base 4) to base 14
-98
13 (base 7) to base 2
1010
-250 (base 6) to base 3
-10210
Convert -1 (base 9) to base 11.
-1
-2 (base 9) to base 2
-10
Convert -102 (base 3) to base 2.
-1011
What is 2 (base 8) in base 16?
2
13 (base 5) to base 7
11
Convert -3 (base 7) to base 5.
-3
Convert 7a (base 14) to base 2.
1101100
What is 24 (base 14) in base 7?
44
Convert -4 (base 13) to base 7.
-4
Convert -18 (base 12) to base 14.
-16
What is -1010 (base 2) in base 13?
-a
Convert 0 (base 6) to base 13.
0
33 (base 16) to base 10
51
Convert -10 (base 6) to base 13.
-6
60 (base 15) to base 6
230
-210 (base 10) to base 14
-110
Convert -56 (base 16) to base 12.
-72
b (base 12) to base 9
12
-10a (base 12) to base 7
-310
344 (base 5) to base 11
90
-25 (base 13) to base 2
-11111
-171 (base 15) to base 6
-1311
Convert 57 (base 15) to base 8.
122
Convert 37 (base 13) to base 4.
232
What is 3 (base 12) in base 15?
3
25 (base 13) to base 5
111
What is 12 (base 12) in base 14?
10
What is -25 (base 15) in base 7?
-50
-11 (base 12) to base 3
-111
2 (base 15) to base 10
2
What is 2 (base 9) in base 15?
2
What is 100 (base 2) in base 4?
10
What is -6 (base 15) in base 13?
-6
What is -66 (base 7) in base 9?
-53
Convert 1 (base 13) to base 7.
1
Convert 3 (base 6) to base 4.
3
26 (base 14) to base 7
46
What is -30 (base 9) in base 4?
-123
Convert 5 (base 16) to base 14.
5
What is 150 (base 8) in base 15?
6e
-27 (base 8) to base 12
-1b
What is 6 (base 14) in base 9?
6
Convert -342 (base 7) to base 5.
-1202
Convert 10 (base 9) to base 16.
9
-21 (base 14) to base 16
-1d
What is -110 (base 7) in base 3?
-2002
-21 (base 8) to base 7
-23
What is -1 (base 2) in base 16?
-1
Convert -24 (base 9) to base 8.
-26
33 (base 7) to base 5
44
Convert -120 (base 4) to base 6.
-40
Convert 29 (base 14) to base 16.
25
What is -2a1 (base 11) in base 6?
-1345
Convert -a (base 16) to base 5.
-20
Convert 79 (base 11) to base 8.
126
Convert -114 (base 16) to base 2.
-100010100
3 (base 10) to base 11
3
What is -100 (base 3) in base 15?
-9
What is -16 (base 7) in base 15?
-d
What is -1d (base 16) in base 2?
-11101
Convert 4 (base 12) to base 3.
11
What is -2013 (base 4) in base 8?
-207
-10 (base 4) to base 15
-4
What is 13 (base 11) in base 15?
e
What is -6 (base 13) in base 2?
-110
-2 (base 3) to base 10
-2
What is 1 (base 3) in base 9?
1
-5 (base 14) to base 7
-5
Convert -1 (base 11) to base 4.
-1
Convert 10010 (base 4) to base 12.
198
What is 7 (base 14) in base 13?
7
Convert -16 (base 8) to base 13.
-11
-3 (base 14) to base 3
-10
What is 3 (base 14) in base 15?
3
What is 12e (base 15) in base 13?
179
3 (base 7) to base 11
3
What is -1